at is the millions digit of 11714536?
1
What is the tens digit of 418299?
9
What is the tens digit of 236658?
5
What is the hundreds digit of 13666?
6
What is the hundred thousands digit of 6895756?
8
What is the units digit of 9957119?
9
What is the ten thousands digit of 198468?
9
What is the millions digit of 6112336?
6
What is the thousands digit of 585168?
5
What is the ten thousands digit of 2409872?
0
What is the thousands digit of 5937519?
7
What is the tens digit of 501415?
1
What is the ten thousands digit of 17449396?
4
What is the hundred thousands digit of 200066?
2
What is the units digit of 1576368?
8
What is the hundred thousands digit of 9801616?
8
What is the millions digit of 4038091?
4
What is the thousands digit of 22413551?
3
What is the thousands digit of 15102?
5
What is the hundreds digit of 397535?
5
What is the thousands digit of 2464229?
4
What is the tens digit of 2812768?
6
What is the ten thousands digit of 3596768?
9
What is the hundred thousands digit of 12057616?
0
What is the hundred thousands digit of 3846899?
8
What is the ten thousands digit of 12558501?
5
What is the units digit of 270388?
8
What is the hundred thousands digit of 247624?
2
What is the thousands digit of 6127948?
7
What is the units digit of 196164?
4
What is the hundred thousands digit of 287588?
2
What is the hundreds digit of 13042835?
8
What is the ten thousands digit of 1936436?
3
What is the hundreds digit of 1230578?
5
What is the millions digit of 6312844?
6
What is the units digit of 9513826?
6
What is the tens digit of 296475?
7
What is the units digit of 458764?
4
What is the ten thousands digit of 80731?
8
What is the tens digit of 162199?
9
What is the units digit of 1254618?
8
What is the millions digit of 18923838?
8
What is the hundreds digit of 5785826?
8
What is the ten thousands digit of 191104?
9
What is the hundred thousands digit of 791941?
7
What is the hundreds digit of 67262?
2
What is the hundreds digit of 7178166?
1
What is the tens digit of 6024474?
7
What is the units digit of 5024445?
5
What is the hundred thousands digit of 134471?
1
What is the units digit of 181186?
6
What is the thousands digit of 23690844?
0
What is the thousands digit of 549439?
9
What is the units digit of 2173578?
8
What is the ten thousands digit of 35818?
3
What is the thousands digit of 29910?
9
What is the tens digit of 11217664?
6
What is the millions digit of 4629283?
4
What is the ten thousands digit of 115256?
1
What is the tens digit of 1291294?
9
What is the ten thousands digit of 342666?
4
What is the hundreds digit of 105175?
1
What is the hundreds digit of 13183726?
7
What is the tens digit of 29543456?
5
What is the hundreds digit of 15090237?
2
What is the hundreds digit of 8869863?
8
What is the units digit of 1279514?
4
What is the hundreds digit of 1981?
9
What is the units digit of 2123283?
3
What is the tens digit of 240168?
6
What is the units digit of 158356?
6
What is the hundreds digit of 104516?
5
What is the hundreds digit of 4965070?
0
What is the thousands digit of 183864?
3
What is the thousands digit of 6502245?
2
What is the hundreds digit of 282227?
2
What is the hundreds digit of 855973?
9
What is the tens digit of 1380723?
2
What is the ten thousands digit of 5853386?
5
What is the hundreds digit of 202862?
8
What is the tens digit of 6789825?
2
What is the tens digit of 1064051?
5
What is the units digit of 229547?
7
What is the tens digit of 7970723?
2
What is the tens digit of 231008?
0
What is the hundreds digit of 2543458?
4
What is the tens digit of 1390098?
9
What is the tens digit of 9583485?
8
What is the thousands digit of 185145?
5
What is the millions digit of 4406434?
4
What is the hundreds digit of 24788248?
2
What is the hundreds digit of 278513?
5
What is the ten thousands digit of 185814?
8
What is the ten thousands digit of 2275196?
7
What is the tens digit of 96946?
4
What is the hundred thousands digit of 1414554?
4
What is the ten thousands digit of 21715011?
1
What is the ten thousands digit of 520973?
2
What is the millions digit of 2605935?
2
What is the hundred thousands digit of 1349086?
3
What is the ten thousands digit of 1788420?
8
What is the thousands digit of 1131783?
1
What is the thousands digit of 269343?
9
What is the hundreds digit of 257510?
5
What is the hundreds digit of 25051607?
6
What is the ten thousands digit of 3965949?
6
What is the ten thousands digit of 436328?
3
What is the ten thousands digit of 13949?
1
What is the hundred thousands digit of 4264169?
2
What is the hundred thousands digit of 377700?
3
What is the tens digit of 7157600?
0
What is the units digit of 2767205?
5
What is the thousands digit of 5101123?
1
What is the hundreds digit of 143208?
2
What is the units digit of 4028084?
4
What is the hundred thousands digit of 2449855?
4
What is the hundred thousands digit of 1310072?
3
What is the tens digit of 19828423?
2
What is the millions digit of 8633408?
8
What is the units digit of 494787?
7
What is the tens digit of 149659?
5
What is the thousands digit of 2529626?
9
What is the thousands digit of 1668485?
8
What is the hundred thousands digit of 3318845?
3
What is the ten thousands digit of 476877?
7
What is the millions digit of 2047581?
2
What is the tens digit of 1059316?
1
What is the hundreds digit of 3227977?
9
What is the hundreds digit of 35745128?
1
What is the thousands digit of 7631415?
1
What is the hundreds digit of 272020?
0
What is the tens digit of 1467058?
5
What is the units digit of 364964?
4
What is the ten thousands digit of 27639239?
3
What is the hundreds digit of 6973238?
2
What is the ten thousands digit of 295795?
9
What is the units digit of 263849?
9
What is the units digit of 1753532?
2
What is the ten thousands digit of 399375?
9
What is the hundreds digit of 3255167?
1
What is the units digit of 295075?
5
What is the tens digit of 4397997?
9
What is the hundred thousands digit of 2613770?
6
What is the units digit of 12200216?
6
What is the hundreds digit of 51613?
6
What is the hundreds digit of 7090534?
5
What is the ten thousands digit of 112258?
1
What is the hundreds digit of 9058283?
2
What is the millions digit of 1379227?
1
What is the ten thousands digit of 2013203?
1
What is the hundreds digit of 706433?
4
What is the millions digit of 4406255?
4
What is the hundreds digit of 27580460?
4
What is the thousands digit of 1121419?
1
What is the units digit of 956939?
9
What is the hundreds digit of 537630?
6
What is the hundreds digit of 23283332?
3
What is the millions digit of 3466109?
3
What is the hundred thousands digit of 8915724?
9
What is the ten thousands digit of 16497820?
9
What is the ten thousands digit of 1889627?
8
What is the thousands digit of 28597570?
7
What is the ten thousands digit of 69076?
6
What is the hundreds digit of 765662?
6
What is the units digit of 59972?
2
What is the tens digit of 13642398?
9
What is the millions digit of 1434966?
1
What is the tens digit of 21173772?
7
What is the tens digit of 3269522?
2
What is the hundred thousands digit of 9534436?
5
What is the millions digit of 6512594?
6
What is the hundreds digit of 118539?
5
What is the tens digit of 1005891?
9
What is the ten millions digit of 26580865?
2
What is the millions digit of 6521552?
6
What is the tens digit of 817269?
6
What is the ten millions digit of 18583006?
1
What is the hundred thousands digit of 2446472?
4
What is the ten thousands digit of 921057?
2
What is the tens digit of 178891?
9
What is the hundreds digit of 6777260?
2
What is the tens digit of 3525906?
0
What is the hundred thousands digit of 1297028?
2
What is the hundreds digit of 7016981?
9
What is the units digit of 186588?
8
What is the tens digit of 3335690?
9
What is the thousands digit of 14153451?
3
What is the thousands digit of 1866053?
6
What is the ten thousands digit of 673053?
7
What is the units digit of 1108?
8
What is the hundreds digit of 8801878?
8
What is the hundreds digit of 15994249?
2
What is the ten millions digit of 29256188?
2
What is the tens digit of 6485528?
2
What is the ten thousands digit of 932753?
3
What is the thousands digit of 3327163?
7
What is the hundreds digit of 432919?
9
What is t